{"id":377233,"date":"2025-11-25T16:13:47","date_gmt":"2025-11-25T15:13:47","guid":{"rendered":"https:\/\/www.laclusaz.com\/?post_type=apidae_item&#038;p=377233"},"modified":"2025-11-25T16:13:47","modified_gmt":"2025-11-25T15:13:47","slug":"balcon-des-aravis","status":"publish","type":"apidae_item","link":"https:\/\/www.laclusaz.com\/nl\/details\/balcon-des-aravis\/","title":{"rendered":"Balcon des Aravis"},"content":{"rendered":"","protected":false},"excerpt":{"rendered":"<span class=\"excerpt-link\">Lire plus<\/span>","protected":false},"author":1,"featured_media":377257,"template":"","meta":{"_acf_changed":false,"inline_featured_image":false},"apidae_category":[2530],"apidae_selection":[1689,1351],"class_list":["post-377233","apidae_item","type-apidae_item","status-publish","has-post-thumbnail","hentry","apidae_category-equipement-nl","apidae_selection-activites-fr","apidae_selection-zones-ludiques-snowpark-nl"],"acf":{"apidae_item_last_update":"2025-10-13 13:58:32","apidae_item_content":"<p>Op de top van de stoeltjeslift van Cr\u00eat du Loup biedt het 'Balcon des Aravis' niet alleen een panoramisch terras van 200m\u00b2; het is je nieuwe uitvalsbasis om wat worstjes te grillen met uitzicht. Met zijn tafels, ligstoelen en self-service planchas*, verwelkomt dit houten paradijs van lokaal hout je het hele jaar door, want we weten dat je niet bang bent voor de kou.<\/p>\n<p>Het Balcon biedt je niet alleen een adembenemend uitzicht op de Aravis-keten en het dorp beneden, maar het kijkt ook uit over een beschermd gebied waar de Tetrao urogallus rustig nestelt. In de zomer krijg je er een extraatje bij: een pastorale voorstelling met 'Th\u00f4nes et Marthod'-schapen die vrij rondlopen.<\/p>\n<p>Wil je je kennis van de omliggende bergen testen? Ga je gang, het is de perfecte speeltuin om jezelf uit te dagen. En wanneer je genoeg hebt van het gidsen, ga dan lekker liggen in een ligstoel, haal een koffie uit je rugzak en laat je in een welverdiende middagdutje onder de zon glijden.<\/p>\n<p>Of je nu komt voor een picknick, een snack met vrienden of gewoon om te ontspannen en de bergen te bewonderen, het Balcon des Aravis biedt je een onvergetelijke ervaring. Ontspannen, relaxed, maar met een geweldig uitzicht.<\/p>\n<p>* De plancha's zijn geopend volgens de dagen en tijden van de skiliften Cr\u00eat du Merle en Cr\u00eat du Loup.<\/p>\n","apidae_item_description":"<p>De plek om je batterijen op te laden op de top van de stoeltjeslift van Cr\u00eat du Loup.<\/p>\n","apidae_item_price":"<p>Gratis.<\/p>\n","apidae_item_id":"6308426","apidae_item_medias":[377247,377248,377249,377250,377252,377254],"apidae_item_downloads":false,"apidae_item_embeds":false,"apidae_item_year_opening":"<p>Het hele jaar iedere dag.<\/p>\n","apidae_item_languages":"Frans","apidae_item_identifier":"SITRA2_LOI_6308426","apidae_item_place_name":"","apidae_item_place_address_1":"Sommet du t\u00e9l\u00e9si\u00e8ge du Cr\u00eat du Loup","apidae_item_place_address_2":"","apidae_item_place_city":"La Clusaz","apidae_item_place_zipcode":"74220","apidae_item_place_country":"FRANKRIJK","apidae_item_lat":"45.890557","apidae_item_lng":"6.452938","apidae_item_altitude":"","apidae_item_website":"","apidae_item_phone_1":"","apidae_item_phone_2":"","apidae_item_email":"","apidae_item_facebook":"","apidae_item_twitter":"","apidae_item_activity_presta":"","apidae_item_related_items":[{"id":"6897315"}],"apidae_item_aspect_1_content":"","apidae_item_aspect_1_medias":[377236,377238,377241],"apidae_item_aspect_1_thumbnail":377236,"apidae_item_aspect_1_description":"","apidae_item_aspect_2_content":"","apidae_item_aspect_2_medias":[377243,377244,377245,377246],"apidae_item_aspect_2_thumbnail":377243,"apidae_item_aspect_2_description":"","apidae_item_filters":[{"apidae_item_filter_label":"rubrique","apidae_item_filter_values":[{"apidae_item_filter_value":"Autres loisirs","apidae_item_filter_parent":""}]},{"apidae_item_filter_label":"activites","apidae_item_filter_values":[{"apidae_item_filter_value":"Loisirs r\u00e9cr\u00e9atifs","apidae_item_filter_parent":""},{"apidae_item_filter_value":"Aire de pique-nique","apidae_item_filter_parent":""}]},{"apidae_item_filter_label":"itineraire","apidae_item_filter_values":false},{"apidae_item_filter_label":"localisation","apidae_item_filter_values":[{"apidae_item_filter_value":"Vue montagne","apidae_item_filter_parent":""},{"apidae_item_filter_value":"Vue panoramique","apidae_item_filter_parent":""}]}]},"yoast_head":"<!-- This site is optimized with the Yoast SEO plugin v26.5 - https:\/\/yoast.com\/wordpress\/plugins\/seo\/ -->\n<title>Balcon des Aravis | La Clusaz<\/title>\n<meta name=\"robots\" content=\"index, follow, max-snippet:-1, max-image-preview:large, max-video-preview:-1\" \/>\n<link rel=\"canonical\" href=\"https:\/\/www.laclusaz.com\/nl\/details\/balcon-des-aravis\/\" \/>\n<meta property=\"og:locale\" content=\"nl_NL\" \/>\n<meta property=\"og:type\" content=\"article\" \/>\n<meta property=\"og:title\" content=\"Balcon des Aravis | La Clusaz\" \/>\n<meta property=\"og:url\" content=\"https:\/\/www.laclusaz.com\/nl\/details\/balcon-des-aravis\/\" \/>\n<meta property=\"og:site_name\" content=\"La Clusaz\" \/>\n<meta property=\"article:publisher\" content=\"https:\/\/www.facebook.com\/LaClusaz\" \/>\n<meta property=\"og:image\" content=\"https:\/\/www.laclusaz.com\/app\/uploads\/2023\/03\/La_Clusaz-Share.jpg\" \/>\n\t<meta property=\"og:image:width\" content=\"1200\" \/>\n\t<meta property=\"og:image:height\" content=\"630\" \/>\n\t<meta property=\"og:image:type\" content=\"image\/jpeg\" \/>\n<meta name=\"twitter:card\" content=\"summary_large_image\" \/>\n<meta name=\"twitter:site\" content=\"@LaClusaz\" \/>\n<script type=\"application\/ld+json\" class=\"yoast-schema-graph\">{\"@context\":\"https:\/\/schema.org\",\"@graph\":[{\"@type\":\"WebPage\",\"@id\":\"https:\/\/www.laclusaz.com\/nl\/details\/balcon-des-aravis\/\",\"url\":\"https:\/\/www.laclusaz.com\/nl\/details\/balcon-des-aravis\/\",\"name\":\"Balcon des Aravis | La Clusaz\",\"isPartOf\":{\"@id\":\"https:\/\/www.laclusaz.com\/nl\/#website\"},\"primaryImageOfPage\":{\"@id\":\"https:\/\/www.laclusaz.com\/nl\/details\/balcon-des-aravis\/#primaryimage\"},\"image\":{\"@id\":\"https:\/\/www.laclusaz.com\/nl\/details\/balcon-des-aravis\/#primaryimage\"},\"thumbnailUrl\":\"https:\/\/www.laclusaz.com\/app\/uploads\/apidae\/29740719.jpg\",\"datePublished\":\"2025-11-25T15:13:47+00:00\",\"breadcrumb\":{\"@id\":\"https:\/\/www.laclusaz.com\/nl\/details\/balcon-des-aravis\/#breadcrumb\"},\"inLanguage\":\"nl-NL\",\"potentialAction\":[{\"@type\":\"ReadAction\",\"target\":[\"https:\/\/www.laclusaz.com\/nl\/details\/balcon-des-aravis\/\"]}]},{\"@type\":\"ImageObject\",\"inLanguage\":\"nl-NL\",\"@id\":\"https:\/\/www.laclusaz.com\/nl\/details\/balcon-des-aravis\/#primaryimage\",\"url\":\"https:\/\/www.laclusaz.com\/app\/uploads\/apidae\/29740719.jpg\",\"contentUrl\":\"https:\/\/www.laclusaz.com\/app\/uploads\/apidae\/29740719.jpg\",\"width\":2048,\"height\":1536},{\"@type\":\"BreadcrumbList\",\"@id\":\"https:\/\/www.laclusaz.com\/nl\/details\/balcon-des-aravis\/#breadcrumb\",\"itemListElement\":[{\"@type\":\"ListItem\",\"position\":1,\"name\":\"Startpagina\",\"item\":\"https:\/\/www.laclusaz.com\/nl\/\"},{\"@type\":\"ListItem\",\"position\":2,\"name\":\"Balcon des Aravis\"}]},{\"@type\":\"WebSite\",\"@id\":\"https:\/\/www.laclusaz.com\/nl\/#website\",\"url\":\"https:\/\/www.laclusaz.com\/nl\/\",\"name\":\"La Clusaz\",\"description\":\"\",\"publisher\":{\"@id\":\"https:\/\/www.laclusaz.com\/nl\/#organization\"},\"potentialAction\":[{\"@type\":\"SearchAction\",\"target\":{\"@type\":\"EntryPoint\",\"urlTemplate\":\"https:\/\/www.laclusaz.com\/nl\/?s={search_term_string}\"},\"query-input\":{\"@type\":\"PropertyValueSpecification\",\"valueRequired\":true,\"valueName\":\"search_term_string\"}}],\"inLanguage\":\"nl-NL\"},{\"@type\":\"Organization\",\"@id\":\"https:\/\/www.laclusaz.com\/nl\/#organization\",\"name\":\"La Clusaz\",\"url\":\"https:\/\/www.laclusaz.com\/nl\/\",\"logo\":{\"@type\":\"ImageObject\",\"inLanguage\":\"nl-NL\",\"@id\":\"https:\/\/www.laclusaz.com\/nl\/#\/schema\/logo\/image\/\",\"url\":\"https:\/\/www.laclusaz.com\/app\/uploads\/2023\/03\/Logo-La-Clusaz-French-Alps-paysage.png\",\"contentUrl\":\"https:\/\/www.laclusaz.com\/app\/uploads\/2023\/03\/Logo-La-Clusaz-French-Alps-paysage.png\",\"width\":1920,\"height\":1018,\"caption\":\"La Clusaz\"},\"image\":{\"@id\":\"https:\/\/www.laclusaz.com\/nl\/#\/schema\/logo\/image\/\"},\"sameAs\":[\"https:\/\/www.facebook.com\/LaClusaz\",\"https:\/\/x.com\/LaClusaz\",\"https:\/\/www.instagram.com\/laclusazskiresort\/\",\"https:\/\/www.youtube.com\/channel\/UC0nXO2GDOebkqOvTCx8gtGA\",\"https:\/\/www.tiktok.com\/@la_clusaz\"]}]}<\/script>\n<!-- \/ Yoast SEO plugin. -->","yoast_head_json":{"title":"Balcon des Aravis | La Clusaz","robots":{"index":"index","follow":"follow","max-snippet":"max-snippet:-1","max-image-preview":"max-image-preview:large","max-video-preview":"max-video-preview:-1"},"canonical":"https:\/\/www.laclusaz.com\/nl\/details\/balcon-des-aravis\/","og_locale":"nl_NL","og_type":"article","og_title":"Balcon des Aravis | La Clusaz","og_url":"https:\/\/www.laclusaz.com\/nl\/details\/balcon-des-aravis\/","og_site_name":"La Clusaz","article_publisher":"https:\/\/www.facebook.com\/LaClusaz","og_image":[{"width":1200,"height":630,"url":"https:\/\/www.laclusaz.com\/app\/uploads\/2023\/03\/La_Clusaz-Share.jpg","type":"image\/jpeg"}],"twitter_card":"summary_large_image","twitter_site":"@LaClusaz","schema":{"@context":"https:\/\/schema.org","@graph":[{"@type":"WebPage","@id":"https:\/\/www.laclusaz.com\/nl\/details\/balcon-des-aravis\/","url":"https:\/\/www.laclusaz.com\/nl\/details\/balcon-des-aravis\/","name":"Balcon des Aravis | La Clusaz","isPartOf":{"@id":"https:\/\/www.laclusaz.com\/nl\/#website"},"primaryImageOfPage":{"@id":"https:\/\/www.laclusaz.com\/nl\/details\/balcon-des-aravis\/#primaryimage"},"image":{"@id":"https:\/\/www.laclusaz.com\/nl\/details\/balcon-des-aravis\/#primaryimage"},"thumbnailUrl":"https:\/\/www.laclusaz.com\/app\/uploads\/apidae\/29740719.jpg","datePublished":"2025-11-25T15:13:47+00:00","breadcrumb":{"@id":"https:\/\/www.laclusaz.com\/nl\/details\/balcon-des-aravis\/#breadcrumb"},"inLanguage":"nl-NL","potentialAction":[{"@type":"ReadAction","target":["https:\/\/www.laclusaz.com\/nl\/details\/balcon-des-aravis\/"]}]},{"@type":"ImageObject","inLanguage":"nl-NL","@id":"https:\/\/www.laclusaz.com\/nl\/details\/balcon-des-aravis\/#primaryimage","url":"https:\/\/www.laclusaz.com\/app\/uploads\/apidae\/29740719.jpg","contentUrl":"https:\/\/www.laclusaz.com\/app\/uploads\/apidae\/29740719.jpg","width":2048,"height":1536},{"@type":"BreadcrumbList","@id":"https:\/\/www.laclusaz.com\/nl\/details\/balcon-des-aravis\/#breadcrumb","itemListElement":[{"@type":"ListItem","position":1,"name":"Startpagina","item":"https:\/\/www.laclusaz.com\/nl\/"},{"@type":"ListItem","position":2,"name":"Balcon des Aravis"}]},{"@type":"WebSite","@id":"https:\/\/www.laclusaz.com\/nl\/#website","url":"https:\/\/www.laclusaz.com\/nl\/","name":"La Clusaz","description":"","publisher":{"@id":"https:\/\/www.laclusaz.com\/nl\/#organization"},"potentialAction":[{"@type":"SearchAction","target":{"@type":"EntryPoint","urlTemplate":"https:\/\/www.laclusaz.com\/nl\/?s={search_term_string}"},"query-input":{"@type":"PropertyValueSpecification","valueRequired":true,"valueName":"search_term_string"}}],"inLanguage":"nl-NL"},{"@type":"Organization","@id":"https:\/\/www.laclusaz.com\/nl\/#organization","name":"La Clusaz","url":"https:\/\/www.laclusaz.com\/nl\/","logo":{"@type":"ImageObject","inLanguage":"nl-NL","@id":"https:\/\/www.laclusaz.com\/nl\/#\/schema\/logo\/image\/","url":"https:\/\/www.laclusaz.com\/app\/uploads\/2023\/03\/Logo-La-Clusaz-French-Alps-paysage.png","contentUrl":"https:\/\/www.laclusaz.com\/app\/uploads\/2023\/03\/Logo-La-Clusaz-French-Alps-paysage.png","width":1920,"height":1018,"caption":"La Clusaz"},"image":{"@id":"https:\/\/www.laclusaz.com\/nl\/#\/schema\/logo\/image\/"},"sameAs":["https:\/\/www.facebook.com\/LaClusaz","https:\/\/x.com\/LaClusaz","https:\/\/www.instagram.com\/laclusazskiresort\/","https:\/\/www.youtube.com\/channel\/UC0nXO2GDOebkqOvTCx8gtGA","https:\/\/www.tiktok.com\/@la_clusaz"]}]}},"_links":{"self":[{"href":"https:\/\/www.laclusaz.com\/nl\/wp-json\/wp\/v2\/apidae_item\/377233","targetHints":{"allow":["GET"]}}],"collection":[{"href":"https:\/\/www.laclusaz.com\/nl\/wp-json\/wp\/v2\/apidae_item"}],"about":[{"href":"https:\/\/www.laclusaz.com\/nl\/wp-json\/wp\/v2\/types\/apidae_item"}],"author":[{"embeddable":true,"href":"https:\/\/www.laclusaz.com\/nl\/wp-json\/wp\/v2\/users\/1"}],"version-history":[{"count":1,"href":"https:\/\/www.laclusaz.com\/nl\/wp-json\/wp\/v2\/apidae_item\/377233\/revisions"}],"predecessor-version":[{"id":377256,"href":"https:\/\/www.laclusaz.com\/nl\/wp-json\/wp\/v2\/apidae_item\/377233\/revisions\/377256"}],"wp:featuredmedia":[{"embeddable":true,"href":"https:\/\/www.laclusaz.com\/nl\/wp-json\/wp\/v2\/media\/377257"}],"wp:attachment":[{"href":"https:\/\/www.laclusaz.com\/nl\/wp-json\/wp\/v2\/media?parent=377233"}],"wp:term":[{"taxonomy":"apidae_category","embeddable":true,"href":"https:\/\/www.laclusaz.com\/nl\/wp-json\/wp\/v2\/apidae_category?post=377233"},{"taxonomy":"apidae_selection","embeddable":true,"href":"https:\/\/www.laclusaz.com\/nl\/wp-json\/wp\/v2\/apidae_selection?post=377233"}],"curies":[{"name":"wp","href":"https:\/\/api.w.org\/{rel}","templated":true}]}}

<p>Op de top van de stoeltjeslift van Crêt du Loup biedt het 'Balcon des Aravis' niet alleen een panoramisch terras van 200m²; het is je nieuwe uitvalsbasis om wat worstjes te grillen met uitzicht. Met zijn tafels, ligstoelen en self-service planchas*, verwelkomt dit houten paradijs van lokaal hout je het hele jaar door, want we weten dat je niet bang bent voor de kou.</p>
<p>Het Balcon biedt je niet alleen een adembenemend uitzicht op de Aravis-keten en het dorp beneden, maar het kijkt ook uit over een beschermd gebied waar de Tetrao urogallus rustig nestelt. In de zomer krijg je er een extraatje bij: een pastorale voorstelling met 'Thônes et Marthod'-schapen die vrij rondlopen.</p>
<p>Wil je je kennis van de omliggende bergen testen? Ga je gang, het is de perfecte speeltuin om jezelf uit te dagen. En wanneer je genoeg hebt van het gidsen, ga dan lekker liggen in een ligstoel, haal een koffie uit je rugzak en laat je in een welverdiende middagdutje onder de zon glijden.</p>
<p>Of je nu komt voor een picknick, een snack met vrienden of gewoon om te ontspannen en de bergen te bewonderen, het Balcon des Aravis biedt je een onvergetelijke ervaring. Ontspannen, relaxed, maar met een geweldig uitzicht.</p>
<p>* De plancha's zijn geopend volgens de dagen en tijden van de skiliften Crêt du Merle en Crêt du Loup.</p>

<p>De plek om je batterijen op te laden op de top van de stoeltjeslift van Crêt du Loup.</p>

Sommet du télésiège du Crêt du Loup

Loisirs récréatifs
