{"id":374641,"date":"2025-11-25T15:51:04","date_gmt":"2025-11-25T14:51:04","guid":{"rendered":"https:\/\/www.laclusaz.com\/?post_type=apidae_item&#038;p=374641"},"modified":"2026-01-18T06:00:48","modified_gmt":"2026-01-18T05:00:48","slug":"parking-perriere","status":"publish","type":"apidae_item","link":"https:\/\/www.laclusaz.com\/nl\/details\/parking-perriere\/","title":{"rendered":"Perri\u00e8re parkeerplaats"},"content":{"rendered":"","protected":false},"excerpt":{"rendered":"<span class=\"excerpt-link\">Lire plus<\/span>","protected":false},"author":1,"featured_media":393600,"template":"","meta":{"_acf_changed":false,"inline_featured_image":false},"apidae_category":[2519,2520],"apidae_selection":[1420],"class_list":["post-374641","apidae_item","type-apidae_item","status-publish","has-post-thumbnail","hentry","apidae_category-commerce-et-service-nl","apidae_category-diensten-nl","apidae_selection-parkings-village-nl"],"acf":{"apidae_item_last_update":"2026-01-17 14:05:48","apidae_item_content":"<p>De parkeerplaats La Perri\u00e8re is betalend:<br \/>\n- tijdens het winterseizoen, van 13 december 2025 tot en met 26 april 2026;<br \/>\n- en tijdens het zomerseizoen van 1 juli tot en met 31 augustus 2025.<br \/>\nBuiten deze periodes is de parkeerplaats gratis.<br \/>\nLet op, deze parkeerplaats is bedoeld voor kort parkeren. Zie tarieven.<\/p>\n","apidae_item_description":"<p>40 plaatsen, bovenaan het dorp.<br \/>\nOpen 24\/24.<\/p>\n","apidae_item_price":"<p>Tijdens het winterseizoen van 13 december 2025 tot en met 26 april 2026 en tijdens het zomerseizoen van 1 juli tot en met 31 augustus 2026.<\/p>\n<p>1e uur: GRATIS<\/p>\n<p>Parkeren voor 1 tot 2 uur29<br \/>\nTarief \/ 15 min \u20ac0,60<br \/>\nTarief \/ 1 uur: \u20ac2,40<\/p>\n<p>Parkeren van 2u30 tot 4u<br \/>\nTarief \/ 15 min \u20ac1,20<br \/>\nTarief \/ 1 uur: \u20ac4,08<\/p>\n<p>Parkeren voor meer dan 4 uur<br \/>\nTarief \/ 15 min: \u20ac2<br \/>\nTarief \/ 1 uur: \u20ac8<\/p>\n<p>Vaste vergoeding voor verloren ticket: \u20ac100<\/p>\n<p>Buiten deze periodes is de parkeerplaats La Perri\u00e8re gratis.<\/p>\n","apidae_item_id":"5396378","apidae_item_medias":false,"apidae_item_downloads":false,"apidae_item_embeds":false,"apidae_item_year_opening":"<p>Het hele jaar iedere dag.<\/p>\n","apidae_item_languages":"Frans","apidae_item_identifier":"SITRA2_COS_5396378","apidae_item_place_name":"","apidae_item_place_address_1":"Parking Perri\u00e8re","apidae_item_place_address_2":"","apidae_item_place_city":"La Clusaz","apidae_item_place_zipcode":"74220","apidae_item_place_country":"FRANKRIJK","apidae_item_lat":"45.906441","apidae_item_lng":"6.429639","apidae_item_altitude":"1044","apidae_item_website":"","apidae_item_phone_1":"","apidae_item_phone_2":"","apidae_item_email":"","apidae_item_facebook":"","apidae_item_twitter":"","apidae_item_activity_presta":"","apidae_item_related_items":[{"id":"7375708"}],"apidae_item_aspect_1_content":"","apidae_item_aspect_1_medias":false,"apidae_item_aspect_1_description":"","apidae_item_aspect_2_content":"","apidae_item_aspect_2_medias":false,"apidae_item_aspect_2_description":"","apidae_item_filters":[{"apidae_item_filter_label":"typesDetailles","apidae_item_filter_values":[{"apidae_item_filter_value":"Services transports","apidae_item_filter_parent":""},{"apidae_item_filter_value":"Parking","apidae_item_filter_parent":""}]},{"apidae_item_filter_label":"localisation","apidae_item_filter_values":[{"apidae_item_filter_value":"Arr\u00eat de transport en commun \u00e0 moins de 500 m","apidae_item_filter_parent":""},{"apidae_item_filter_value":"Arr\u00eat navette \u00e0 moins de 300 m","apidae_item_filter_parent":""},{"apidae_item_filter_value":"Village \u00e0 -2 km","apidae_item_filter_parent":""}]}]},"yoast_head":"<!-- This site is optimized with the Yoast SEO plugin v26.5 - https:\/\/yoast.com\/wordpress\/plugins\/seo\/ -->\n<title>Perri\u00e8re parkeerplaats | La Clusaz<\/title>\n<meta name=\"robots\" content=\"index, follow, max-snippet:-1, max-image-preview:large, max-video-preview:-1\" \/>\n<link rel=\"canonical\" href=\"https:\/\/www.laclusaz.com\/nl\/details\/parking-perriere\/\" \/>\n<meta property=\"og:locale\" content=\"nl_NL\" \/>\n<meta property=\"og:type\" content=\"article\" \/>\n<meta property=\"og:title\" content=\"Perri\u00e8re parkeerplaats | La Clusaz\" \/>\n<meta property=\"og:url\" content=\"https:\/\/www.laclusaz.com\/nl\/details\/parking-perriere\/\" \/>\n<meta property=\"og:site_name\" content=\"La Clusaz\" \/>\n<meta property=\"article:publisher\" content=\"https:\/\/www.facebook.com\/LaClusaz\" \/>\n<meta property=\"article:modified_time\" content=\"2026-01-18T05:00:48+00:00\" \/>\n<meta property=\"og:image\" content=\"https:\/\/www.laclusaz.com\/app\/uploads\/apidae\/6995305.jpg\" \/>\n\t<meta property=\"og:image:width\" content=\"1450\" \/>\n\t<meta property=\"og:image:height\" content=\"874\" \/>\n\t<meta property=\"og:image:type\" content=\"image\/jpeg\" \/>\n<meta name=\"twitter:card\" content=\"summary_large_image\" \/>\n<meta name=\"twitter:site\" content=\"@LaClusaz\" \/>\n<script type=\"application\/ld+json\" class=\"yoast-schema-graph\">{\"@context\":\"https:\/\/schema.org\",\"@graph\":[{\"@type\":\"WebPage\",\"@id\":\"https:\/\/www.laclusaz.com\/nl\/details\/parking-perriere\/\",\"url\":\"https:\/\/www.laclusaz.com\/nl\/details\/parking-perriere\/\",\"name\":\"Perri\u00e8re parkeerplaats | La Clusaz\",\"isPartOf\":{\"@id\":\"https:\/\/www.laclusaz.com\/nl\/#website\"},\"primaryImageOfPage\":{\"@id\":\"https:\/\/www.laclusaz.com\/nl\/details\/parking-perriere\/#primaryimage\"},\"image\":{\"@id\":\"https:\/\/www.laclusaz.com\/nl\/details\/parking-perriere\/#primaryimage\"},\"thumbnailUrl\":\"https:\/\/www.laclusaz.com\/app\/uploads\/apidae\/6995305.jpg\",\"datePublished\":\"2025-11-25T14:51:04+00:00\",\"dateModified\":\"2026-01-18T05:00:48+00:00\",\"breadcrumb\":{\"@id\":\"https:\/\/www.laclusaz.com\/nl\/details\/parking-perriere\/#breadcrumb\"},\"inLanguage\":\"nl-NL\",\"potentialAction\":[{\"@type\":\"ReadAction\",\"target\":[\"https:\/\/www.laclusaz.com\/nl\/details\/parking-perriere\/\"]}]},{\"@type\":\"ImageObject\",\"inLanguage\":\"nl-NL\",\"@id\":\"https:\/\/www.laclusaz.com\/nl\/details\/parking-perriere\/#primaryimage\",\"url\":\"https:\/\/www.laclusaz.com\/app\/uploads\/apidae\/6995305.jpg\",\"contentUrl\":\"https:\/\/www.laclusaz.com\/app\/uploads\/apidae\/6995305.jpg\",\"width\":1450,\"height\":874},{\"@type\":\"BreadcrumbList\",\"@id\":\"https:\/\/www.laclusaz.com\/nl\/details\/parking-perriere\/#breadcrumb\",\"itemListElement\":[{\"@type\":\"ListItem\",\"position\":1,\"name\":\"Startpagina\",\"item\":\"https:\/\/www.laclusaz.com\/nl\/\"},{\"@type\":\"ListItem\",\"position\":2,\"name\":\"Perri\u00e8re parkeerplaats\"}]},{\"@type\":\"WebSite\",\"@id\":\"https:\/\/www.laclusaz.com\/nl\/#website\",\"url\":\"https:\/\/www.laclusaz.com\/nl\/\",\"name\":\"La Clusaz\",\"description\":\"\",\"publisher\":{\"@id\":\"https:\/\/www.laclusaz.com\/nl\/#organization\"},\"potentialAction\":[{\"@type\":\"SearchAction\",\"target\":{\"@type\":\"EntryPoint\",\"urlTemplate\":\"https:\/\/www.laclusaz.com\/nl\/?s={search_term_string}\"},\"query-input\":{\"@type\":\"PropertyValueSpecification\",\"valueRequired\":true,\"valueName\":\"search_term_string\"}}],\"inLanguage\":\"nl-NL\"},{\"@type\":\"Organization\",\"@id\":\"https:\/\/www.laclusaz.com\/nl\/#organization\",\"name\":\"La Clusaz\",\"url\":\"https:\/\/www.laclusaz.com\/nl\/\",\"logo\":{\"@type\":\"ImageObject\",\"inLanguage\":\"nl-NL\",\"@id\":\"https:\/\/www.laclusaz.com\/nl\/#\/schema\/logo\/image\/\",\"url\":\"https:\/\/www.laclusaz.com\/app\/uploads\/2023\/03\/Logo-La-Clusaz-French-Alps-paysage.png\",\"contentUrl\":\"https:\/\/www.laclusaz.com\/app\/uploads\/2023\/03\/Logo-La-Clusaz-French-Alps-paysage.png\",\"width\":1920,\"height\":1018,\"caption\":\"La Clusaz\"},\"image\":{\"@id\":\"https:\/\/www.laclusaz.com\/nl\/#\/schema\/logo\/image\/\"},\"sameAs\":[\"https:\/\/www.facebook.com\/LaClusaz\",\"https:\/\/x.com\/LaClusaz\",\"https:\/\/www.instagram.com\/laclusazskiresort\/\",\"https:\/\/www.youtube.com\/channel\/UC0nXO2GDOebkqOvTCx8gtGA\",\"https:\/\/www.tiktok.com\/@la_clusaz\"]}]}<\/script>\n<!-- \/ Yoast SEO plugin. -->","yoast_head_json":{"title":"Perri\u00e8re parkeerplaats | La Clusaz","robots":{"index":"index","follow":"follow","max-snippet":"max-snippet:-1","max-image-preview":"max-image-preview:large","max-video-preview":"max-video-preview:-1"},"canonical":"https:\/\/www.laclusaz.com\/nl\/details\/parking-perriere\/","og_locale":"nl_NL","og_type":"article","og_title":"Perri\u00e8re parkeerplaats | La Clusaz","og_url":"https:\/\/www.laclusaz.com\/nl\/details\/parking-perriere\/","og_site_name":"La Clusaz","article_publisher":"https:\/\/www.facebook.com\/LaClusaz","article_modified_time":"2026-01-18T05:00:48+00:00","og_image":[{"width":1450,"height":874,"url":"https:\/\/www.laclusaz.com\/app\/uploads\/apidae\/6995305.jpg","type":"image\/jpeg"}],"twitter_card":"summary_large_image","twitter_site":"@LaClusaz","schema":{"@context":"https:\/\/schema.org","@graph":[{"@type":"WebPage","@id":"https:\/\/www.laclusaz.com\/nl\/details\/parking-perriere\/","url":"https:\/\/www.laclusaz.com\/nl\/details\/parking-perriere\/","name":"Perri\u00e8re parkeerplaats | La Clusaz","isPartOf":{"@id":"https:\/\/www.laclusaz.com\/nl\/#website"},"primaryImageOfPage":{"@id":"https:\/\/www.laclusaz.com\/nl\/details\/parking-perriere\/#primaryimage"},"image":{"@id":"https:\/\/www.laclusaz.com\/nl\/details\/parking-perriere\/#primaryimage"},"thumbnailUrl":"https:\/\/www.laclusaz.com\/app\/uploads\/apidae\/6995305.jpg","datePublished":"2025-11-25T14:51:04+00:00","dateModified":"2026-01-18T05:00:48+00:00","breadcrumb":{"@id":"https:\/\/www.laclusaz.com\/nl\/details\/parking-perriere\/#breadcrumb"},"inLanguage":"nl-NL","potentialAction":[{"@type":"ReadAction","target":["https:\/\/www.laclusaz.com\/nl\/details\/parking-perriere\/"]}]},{"@type":"ImageObject","inLanguage":"nl-NL","@id":"https:\/\/www.laclusaz.com\/nl\/details\/parking-perriere\/#primaryimage","url":"https:\/\/www.laclusaz.com\/app\/uploads\/apidae\/6995305.jpg","contentUrl":"https:\/\/www.laclusaz.com\/app\/uploads\/apidae\/6995305.jpg","width":1450,"height":874},{"@type":"BreadcrumbList","@id":"https:\/\/www.laclusaz.com\/nl\/details\/parking-perriere\/#breadcrumb","itemListElement":[{"@type":"ListItem","position":1,"name":"Startpagina","item":"https:\/\/www.laclusaz.com\/nl\/"},{"@type":"ListItem","position":2,"name":"Perri\u00e8re parkeerplaats"}]},{"@type":"WebSite","@id":"https:\/\/www.laclusaz.com\/nl\/#website","url":"https:\/\/www.laclusaz.com\/nl\/","name":"La Clusaz","description":"","publisher":{"@id":"https:\/\/www.laclusaz.com\/nl\/#organization"},"potentialAction":[{"@type":"SearchAction","target":{"@type":"EntryPoint","urlTemplate":"https:\/\/www.laclusaz.com\/nl\/?s={search_term_string}"},"query-input":{"@type":"PropertyValueSpecification","valueRequired":true,"valueName":"search_term_string"}}],"inLanguage":"nl-NL"},{"@type":"Organization","@id":"https:\/\/www.laclusaz.com\/nl\/#organization","name":"La Clusaz","url":"https:\/\/www.laclusaz.com\/nl\/","logo":{"@type":"ImageObject","inLanguage":"nl-NL","@id":"https:\/\/www.laclusaz.com\/nl\/#\/schema\/logo\/image\/","url":"https:\/\/www.laclusaz.com\/app\/uploads\/2023\/03\/Logo-La-Clusaz-French-Alps-paysage.png","contentUrl":"https:\/\/www.laclusaz.com\/app\/uploads\/2023\/03\/Logo-La-Clusaz-French-Alps-paysage.png","width":1920,"height":1018,"caption":"La Clusaz"},"image":{"@id":"https:\/\/www.laclusaz.com\/nl\/#\/schema\/logo\/image\/"},"sameAs":["https:\/\/www.facebook.com\/LaClusaz","https:\/\/x.com\/LaClusaz","https:\/\/www.instagram.com\/laclusazskiresort\/","https:\/\/www.youtube.com\/channel\/UC0nXO2GDOebkqOvTCx8gtGA","https:\/\/www.tiktok.com\/@la_clusaz"]}]}},"_links":{"self":[{"href":"https:\/\/www.laclusaz.com\/nl\/wp-json\/wp\/v2\/apidae_item\/374641","targetHints":{"allow":["GET"]}}],"collection":[{"href":"https:\/\/www.laclusaz.com\/nl\/wp-json\/wp\/v2\/apidae_item"}],"about":[{"href":"https:\/\/www.laclusaz.com\/nl\/wp-json\/wp\/v2\/types\/apidae_item"}],"author":[{"embeddable":true,"href":"https:\/\/www.laclusaz.com\/nl\/wp-json\/wp\/v2\/users\/1"}],"version-history":[{"count":2,"href":"https:\/\/www.laclusaz.com\/nl\/wp-json\/wp\/v2\/apidae_item\/374641\/revisions"}],"predecessor-version":[{"id":393599,"href":"https:\/\/www.laclusaz.com\/nl\/wp-json\/wp\/v2\/apidae_item\/374641\/revisions\/393599"}],"wp:featuredmedia":[{"embeddable":true,"href":"https:\/\/www.laclusaz.com\/nl\/wp-json\/wp\/v2\/media\/393600"}],"wp:attachment":[{"href":"https:\/\/www.laclusaz.com\/nl\/wp-json\/wp\/v2\/media?parent=374641"}],"wp:term":[{"taxonomy":"apidae_category","embeddable":true,"href":"https:\/\/www.laclusaz.com\/nl\/wp-json\/wp\/v2\/apidae_category?post=374641"},{"taxonomy":"apidae_selection","embeddable":true,"href":"https:\/\/www.laclusaz.com\/nl\/wp-json\/wp\/v2\/apidae_selection?post=374641"}],"curies":[{"name":"wp","href":"https:\/\/api.w.org\/{rel}","templated":true}]}}

Perrière parkeerplaats

<p>De parkeerplaats La Perrière is betalend:<br />
- tijdens het winterseizoen, van 13 december 2025 tot en met 26 april 2026;<br />
- en tijdens het zomerseizoen van 1 juli tot en met 31 augustus 2025.<br />
Buiten deze periodes is de parkeerplaats gratis.<br />
Let op, deze parkeerplaats is bedoeld voor kort parkeren. Zie tarieven.</p>

<p>Tijdens het winterseizoen van 13 december 2025 tot en met 26 april 2026 en tijdens het zomerseizoen van 1 juli tot en met 31 augustus 2026.</p>
<p>1e uur: GRATIS</p>
<p>Parkeren voor 1 tot 2 uur29<br />
Tarief / 15 min €0,60<br />
Tarief / 1 uur: €2,40</p>
<p>Parkeren van 2u30 tot 4u<br />
Tarief / 15 min €1,20<br />
Tarief / 1 uur: €4,08</p>
<p>Parkeren voor meer dan 4 uur<br />
Tarief / 15 min: €2<br />
Tarief / 1 uur: €8</p>
<p>Vaste vergoeding voor verloren ticket: €100</p>
<p>Buiten deze periodes is de parkeerplaats La Perrière gratis.</p>

Parking Perrière

Arrêt de transport en commun à moins de 500 m

Arrêt navette à moins de 300 m

Village à -2 km

<!-- This site is optimized with the Yoast SEO plugin v26.5 - https://yoast.com/wordpress/plugins/seo/ -->
<title>Perrière parkeerplaats | La Clusaz</title>
<meta name="robots" content="index, follow, max-snippet:-1, max-image-preview:large, max-video-preview:-1" />
<link rel="canonical" href="https://www.laclusaz.com/nl/details/parking-perriere/" />
<meta property="og:locale" content="nl_NL" />
<meta property="og:type" content="article" />
<meta property="og:title" content="Perrière parkeerplaats | La Clusaz" />
<meta property="og:url" content="https://www.laclusaz.com/nl/details/parking-perriere/" />
<meta property="og:site_name" content="La Clusaz" />
<meta property="article:publisher" content="https://www.facebook.com/LaClusaz" />
<meta property="article:modified_time" content="2026-01-18T05:00:48+00:00" />
<meta property="og:image" content="https://www.laclusaz.com/app/uploads/apidae/6995305.jpg" />
	<meta property="og:image:width" content="1450" />
	<meta property="og:image:height" content="874" />
	<meta property="og:image:type" content="image/jpeg" />
<meta name="twitter:card" content="summary_large_image" />
<meta name="twitter:site" content="@LaClusaz" />
<script type="application/ld+json" class="yoast-schema-graph">{"@context":"https://schema.org","@graph":[{"@type":"WebPage","@id":"https://www.laclusaz.com/nl/details/parking-perriere/","url":"https://www.laclusaz.com/nl/details/parking-perriere/","name":"Perrière parkeerplaats | La Clusaz","isPartOf":{"@id":"https://www.laclusaz.com/nl/#website"},"primaryImageOfPage":{"@id":"https://www.laclusaz.com/nl/details/parking-perriere/#primaryimage"},"image":{"@id":"https://www.laclusaz.com/nl/details/parking-perriere/#primaryimage"},"thumbnailUrl":"https://www.laclusaz.com/app/uploads/apidae/6995305.jpg","datePublished":"2025-11-25T14:51:04+00:00","dateModified":"2026-01-18T05:00:48+00:00","breadcrumb":{"@id":"https://www.laclusaz.com/nl/details/parking-perriere/#breadcrumb"},"inLanguage":"nl-NL","potentialAction":[{"@type":"ReadAction","target":["https://www.laclusaz.com/nl/details/parking-perriere/"]}]},{"@type":"ImageObject","inLanguage":"nl-NL","@id":"https://www.laclusaz.com/nl/details/parking-perriere/#primaryimage","url":"https://www.laclusaz.com/app/uploads/apidae/6995305.jpg","contentUrl":"https://www.laclusaz.com/app/uploads/apidae/6995305.jpg","width":1450,"height":874},{"@type":"BreadcrumbList","@id":"https://www.laclusaz.com/nl/details/parking-perriere/#breadcrumb","itemListElement":[{"@type":"ListItem","position":1,"name":"Startpagina","item":"https://www.laclusaz.com/nl/"},{"@type":"ListItem","position":2,"name":"Perrière parkeerplaats"}]},{"@type":"WebSite","@id":"https://www.laclusaz.com/nl/#website","url":"https://www.laclusaz.com/nl/","name":"La Clusaz","description":"","publisher":{"@id":"https://www.laclusaz.com/nl/#organization"},"potentialAction":[{"@type":"SearchAction","target":{"@type":"EntryPoint","urlTemplate":"https://www.laclusaz.com/nl/?s={search_term_string}"},"query-input":{"@type":"PropertyValueSpecification","valueRequired":true,"valueName":"search_term_string"}}],"inLanguage":"nl-NL"},{"@type":"Organization","@id":"https://www.laclusaz.com/nl/#organization","name":"La Clusaz","url":"https://www.laclusaz.com/nl/","logo":{"@type":"ImageObject","inLanguage":"nl-NL","@id":"https://www.laclusaz.com/nl/#/schema/logo/image/","url":"https://www.laclusaz.com/app/uploads/2023/03/Logo-La-Clusaz-French-Alps-paysage.png","contentUrl":"https://www.laclusaz.com/app/uploads/2023/03/Logo-La-Clusaz-French-Alps-paysage.png","width":1920,"height":1018,"caption":"La Clusaz"},"image":{"@id":"https://www.laclusaz.com/nl/#/schema/logo/image/"},"sameAs":["https://www.facebook.com/LaClusaz","https://x.com/LaClusaz","https://www.instagram.com/laclusazskiresort/","https://www.youtube.com/channel/UC0nXO2GDOebkqOvTCx8gtGA","https://www.tiktok.com/@la_clusaz"]}]}</script>
<!-- / Yoast SEO plugin. -->

Perrière parkeerplaats | La Clusaz
