{"id":377204,"date":"2025-11-25T16:13:36","date_gmt":"2025-11-25T15:13:36","guid":{"rendered":"https:\/\/www.laclusaz.com\/?post_type=apidae_item&#038;p=377204"},"modified":"2025-11-25T16:13:36","modified_gmt":"2025-11-25T15:13:36","slug":"balcon-des-aravis","status":"publish","type":"apidae_item","link":"https:\/\/www.laclusaz.com\/en\/details\/balcon-des-aravis\/","title":{"rendered":"Balcon des Aravis"},"content":{"rendered":"","protected":false},"excerpt":{"rendered":"<span class=\"excerpt-link\">Lire plus<\/span>","protected":false},"author":1,"featured_media":377228,"template":"","meta":{"_acf_changed":false,"inline_featured_image":false},"apidae_category":[2529],"apidae_selection":[1689,1346],"class_list":["post-377204","apidae_item","type-apidae_item","status-publish","has-post-thumbnail","hentry","apidae_category-equipement-en","apidae_selection-activites-fr","apidae_selection-zones-ludiques-snowpark-en"],"acf":{"apidae_item_last_update":"2025-10-13 13:58:32","apidae_item_content":"<p>Perched at the top of the Cr\u00eat du Loup ski lift, the 'Balcon des Aravis' is not just a 200m\u00b2 panoramic terrace; it's your new HQ for grilling some sausages with a view. With its tables, loungers, and self-service planchas*, this wooden paradise made from local materials welcomes you year-round, because we know you're not the type to shy away from the cold.<\/p>\n<p>The Balcon not only offers you a breathtaking view of the Aravis mountain range and the village below, but it also overlooks a preserved area where Capercaillie birds peacefully nest. In the summer, you'll enjoy an added bonus: a pastoral show with 'Th\u00f4nes et Marthod' sheep roaming freely.<\/p>\n<p>Want to test your knowledge of the surrounding peaks? Go ahead\u2014it's the perfect playground to challenge yourself. And when you\u2019re done being the tour guide, lie back in a lounger, pull out a coffee from your backpack, and drift into a well-deserved nap under the sun.<\/p>\n<p>Whether it\u2019s for a picnic, an afternoon snack with friends, or just to relax and admire the mountains, the Balcon des Aravis is here to offer you an unforgettable experience. Laid-back, chill, but with an incredible view.<\/p>\n<p>*Planchas are opened according to the days and time tables of the lifts Cr\u00eat du Merle and Cr\u00eat du Loup<\/p>\n","apidae_item_description":"<p>The spot to recharge your batteries at the top of the Cr\u00eat du Loup ski lift.<\/p>\n","apidae_item_price":"<p>Free of charge.<\/p>\n","apidae_item_id":"6308426","apidae_item_medias":[377220,377221,377222,377223,377224,377225],"apidae_item_downloads":false,"apidae_item_embeds":false,"apidae_item_year_opening":"<p>All year round daily.<\/p>\n","apidae_item_languages":"French","apidae_item_identifier":"SITRA2_LOI_6308426","apidae_item_place_name":"","apidae_item_place_address_1":"Sommet du t\u00e9l\u00e9si\u00e8ge du Cr\u00eat du Loup","apidae_item_place_address_2":"","apidae_item_place_city":"La Clusaz","apidae_item_place_zipcode":"74220","apidae_item_place_country":"France","apidae_item_lat":"45.890557","apidae_item_lng":"6.452938","apidae_item_altitude":"","apidae_item_website":"","apidae_item_phone_1":"","apidae_item_phone_2":"","apidae_item_email":"","apidae_item_facebook":"","apidae_item_twitter":"","apidae_item_activity_presta":"","apidae_item_related_items":[{"id":"6897315"}],"apidae_item_aspect_1_content":"","apidae_item_aspect_1_medias":[377205,377207,377209],"apidae_item_aspect_1_thumbnail":377205,"apidae_item_aspect_1_description":"","apidae_item_aspect_2_content":"","apidae_item_aspect_2_medias":[377211,377213,377215,377218],"apidae_item_aspect_2_thumbnail":377211,"apidae_item_aspect_2_description":"","apidae_item_filters":[{"apidae_item_filter_label":"rubrique","apidae_item_filter_values":[{"apidae_item_filter_value":"Autres loisirs","apidae_item_filter_parent":""}]},{"apidae_item_filter_label":"activites","apidae_item_filter_values":[{"apidae_item_filter_value":"Loisirs r\u00e9cr\u00e9atifs","apidae_item_filter_parent":""},{"apidae_item_filter_value":"Aire de pique-nique","apidae_item_filter_parent":""}]},{"apidae_item_filter_label":"itineraire","apidae_item_filter_values":false},{"apidae_item_filter_label":"localisation","apidae_item_filter_values":[{"apidae_item_filter_value":"Vue montagne","apidae_item_filter_parent":""},{"apidae_item_filter_value":"Vue panoramique","apidae_item_filter_parent":""}]}]},"yoast_head":"<!-- This site is optimized with the Yoast SEO plugin v26.5 - https:\/\/yoast.com\/wordpress\/plugins\/seo\/ -->\n<title>Balcon des Aravis | La Clusaz<\/title>\n<meta name=\"robots\" content=\"index, follow, max-snippet:-1, max-image-preview:large, max-video-preview:-1\" \/>\n<link rel=\"canonical\" href=\"https:\/\/www.laclusaz.com\/en\/details\/balcon-des-aravis\/\" \/>\n<meta property=\"og:locale\" content=\"en_US\" \/>\n<meta property=\"og:type\" content=\"article\" \/>\n<meta property=\"og:title\" content=\"Balcon des Aravis | La Clusaz\" \/>\n<meta property=\"og:url\" content=\"https:\/\/www.laclusaz.com\/en\/details\/balcon-des-aravis\/\" \/>\n<meta property=\"og:site_name\" content=\"La Clusaz\" \/>\n<meta property=\"article:publisher\" content=\"https:\/\/www.facebook.com\/LaClusaz\" \/>\n<meta property=\"og:image\" content=\"https:\/\/www.laclusaz.com\/app\/uploads\/2023\/03\/La_Clusaz-Share.jpg\" \/>\n\t<meta property=\"og:image:width\" content=\"1200\" \/>\n\t<meta property=\"og:image:height\" content=\"630\" \/>\n\t<meta property=\"og:image:type\" content=\"image\/jpeg\" \/>\n<meta name=\"twitter:card\" content=\"summary_large_image\" \/>\n<meta name=\"twitter:site\" content=\"@LaClusaz\" \/>\n<script type=\"application\/ld+json\" class=\"yoast-schema-graph\">{\"@context\":\"https:\/\/schema.org\",\"@graph\":[{\"@type\":\"WebPage\",\"@id\":\"https:\/\/www.laclusaz.com\/en\/details\/balcon-des-aravis\/\",\"url\":\"https:\/\/www.laclusaz.com\/en\/details\/balcon-des-aravis\/\",\"name\":\"Balcon des Aravis | La Clusaz\",\"isPartOf\":{\"@id\":\"https:\/\/www.laclusaz.com\/en\/#website\"},\"primaryImageOfPage\":{\"@id\":\"https:\/\/www.laclusaz.com\/en\/details\/balcon-des-aravis\/#primaryimage\"},\"image\":{\"@id\":\"https:\/\/www.laclusaz.com\/en\/details\/balcon-des-aravis\/#primaryimage\"},\"thumbnailUrl\":\"https:\/\/www.laclusaz.com\/app\/uploads\/apidae\/29740719.jpg\",\"datePublished\":\"2025-11-25T15:13:36+00:00\",\"breadcrumb\":{\"@id\":\"https:\/\/www.laclusaz.com\/en\/details\/balcon-des-aravis\/#breadcrumb\"},\"inLanguage\":\"en-US\",\"potentialAction\":[{\"@type\":\"ReadAction\",\"target\":[\"https:\/\/www.laclusaz.com\/en\/details\/balcon-des-aravis\/\"]}]},{\"@type\":\"ImageObject\",\"inLanguage\":\"en-US\",\"@id\":\"https:\/\/www.laclusaz.com\/en\/details\/balcon-des-aravis\/#primaryimage\",\"url\":\"https:\/\/www.laclusaz.com\/app\/uploads\/apidae\/29740719.jpg\",\"contentUrl\":\"https:\/\/www.laclusaz.com\/app\/uploads\/apidae\/29740719.jpg\",\"width\":2048,\"height\":1536},{\"@type\":\"BreadcrumbList\",\"@id\":\"https:\/\/www.laclusaz.com\/en\/details\/balcon-des-aravis\/#breadcrumb\",\"itemListElement\":[{\"@type\":\"ListItem\",\"position\":1,\"name\":\"Home\",\"item\":\"https:\/\/www.laclusaz.com\/en\/\"},{\"@type\":\"ListItem\",\"position\":2,\"name\":\"Balcon des Aravis\"}]},{\"@type\":\"WebSite\",\"@id\":\"https:\/\/www.laclusaz.com\/en\/#website\",\"url\":\"https:\/\/www.laclusaz.com\/en\/\",\"name\":\"La Clusaz\",\"description\":\"\",\"publisher\":{\"@id\":\"https:\/\/www.laclusaz.com\/en\/#organization\"},\"potentialAction\":[{\"@type\":\"SearchAction\",\"target\":{\"@type\":\"EntryPoint\",\"urlTemplate\":\"https:\/\/www.laclusaz.com\/en\/?s={search_term_string}\"},\"query-input\":{\"@type\":\"PropertyValueSpecification\",\"valueRequired\":true,\"valueName\":\"search_term_string\"}}],\"inLanguage\":\"en-US\"},{\"@type\":\"Organization\",\"@id\":\"https:\/\/www.laclusaz.com\/en\/#organization\",\"name\":\"La Clusaz\",\"url\":\"https:\/\/www.laclusaz.com\/en\/\",\"logo\":{\"@type\":\"ImageObject\",\"inLanguage\":\"en-US\",\"@id\":\"https:\/\/www.laclusaz.com\/en\/#\/schema\/logo\/image\/\",\"url\":\"https:\/\/www.laclusaz.com\/app\/uploads\/2023\/03\/Logo-La-Clusaz-French-Alps-paysage.png\",\"contentUrl\":\"https:\/\/www.laclusaz.com\/app\/uploads\/2023\/03\/Logo-La-Clusaz-French-Alps-paysage.png\",\"width\":1920,\"height\":1018,\"caption\":\"La Clusaz\"},\"image\":{\"@id\":\"https:\/\/www.laclusaz.com\/en\/#\/schema\/logo\/image\/\"},\"sameAs\":[\"https:\/\/www.facebook.com\/LaClusaz\",\"https:\/\/x.com\/LaClusaz\",\"https:\/\/www.instagram.com\/laclusazskiresort\/\",\"https:\/\/www.youtube.com\/channel\/UC0nXO2GDOebkqOvTCx8gtGA\",\"https:\/\/www.tiktok.com\/@la_clusaz\"]}]}<\/script>\n<!-- \/ Yoast SEO plugin. -->","yoast_head_json":{"title":"Balcon des Aravis | La Clusaz","robots":{"index":"index","follow":"follow","max-snippet":"max-snippet:-1","max-image-preview":"max-image-preview:large","max-video-preview":"max-video-preview:-1"},"canonical":"https:\/\/www.laclusaz.com\/en\/details\/balcon-des-aravis\/","og_locale":"en_US","og_type":"article","og_title":"Balcon des Aravis | La Clusaz","og_url":"https:\/\/www.laclusaz.com\/en\/details\/balcon-des-aravis\/","og_site_name":"La Clusaz","article_publisher":"https:\/\/www.facebook.com\/LaClusaz","og_image":[{"width":1200,"height":630,"url":"https:\/\/www.laclusaz.com\/app\/uploads\/2023\/03\/La_Clusaz-Share.jpg","type":"image\/jpeg"}],"twitter_card":"summary_large_image","twitter_site":"@LaClusaz","schema":{"@context":"https:\/\/schema.org","@graph":[{"@type":"WebPage","@id":"https:\/\/www.laclusaz.com\/en\/details\/balcon-des-aravis\/","url":"https:\/\/www.laclusaz.com\/en\/details\/balcon-des-aravis\/","name":"Balcon des Aravis | La Clusaz","isPartOf":{"@id":"https:\/\/www.laclusaz.com\/en\/#website"},"primaryImageOfPage":{"@id":"https:\/\/www.laclusaz.com\/en\/details\/balcon-des-aravis\/#primaryimage"},"image":{"@id":"https:\/\/www.laclusaz.com\/en\/details\/balcon-des-aravis\/#primaryimage"},"thumbnailUrl":"https:\/\/www.laclusaz.com\/app\/uploads\/apidae\/29740719.jpg","datePublished":"2025-11-25T15:13:36+00:00","breadcrumb":{"@id":"https:\/\/www.laclusaz.com\/en\/details\/balcon-des-aravis\/#breadcrumb"},"inLanguage":"en-US","potentialAction":[{"@type":"ReadAction","target":["https:\/\/www.laclusaz.com\/en\/details\/balcon-des-aravis\/"]}]},{"@type":"ImageObject","inLanguage":"en-US","@id":"https:\/\/www.laclusaz.com\/en\/details\/balcon-des-aravis\/#primaryimage","url":"https:\/\/www.laclusaz.com\/app\/uploads\/apidae\/29740719.jpg","contentUrl":"https:\/\/www.laclusaz.com\/app\/uploads\/apidae\/29740719.jpg","width":2048,"height":1536},{"@type":"BreadcrumbList","@id":"https:\/\/www.laclusaz.com\/en\/details\/balcon-des-aravis\/#breadcrumb","itemListElement":[{"@type":"ListItem","position":1,"name":"Home","item":"https:\/\/www.laclusaz.com\/en\/"},{"@type":"ListItem","position":2,"name":"Balcon des Aravis"}]},{"@type":"WebSite","@id":"https:\/\/www.laclusaz.com\/en\/#website","url":"https:\/\/www.laclusaz.com\/en\/","name":"La Clusaz","description":"","publisher":{"@id":"https:\/\/www.laclusaz.com\/en\/#organization"},"potentialAction":[{"@type":"SearchAction","target":{"@type":"EntryPoint","urlTemplate":"https:\/\/www.laclusaz.com\/en\/?s={search_term_string}"},"query-input":{"@type":"PropertyValueSpecification","valueRequired":true,"valueName":"search_term_string"}}],"inLanguage":"en-US"},{"@type":"Organization","@id":"https:\/\/www.laclusaz.com\/en\/#organization","name":"La Clusaz","url":"https:\/\/www.laclusaz.com\/en\/","logo":{"@type":"ImageObject","inLanguage":"en-US","@id":"https:\/\/www.laclusaz.com\/en\/#\/schema\/logo\/image\/","url":"https:\/\/www.laclusaz.com\/app\/uploads\/2023\/03\/Logo-La-Clusaz-French-Alps-paysage.png","contentUrl":"https:\/\/www.laclusaz.com\/app\/uploads\/2023\/03\/Logo-La-Clusaz-French-Alps-paysage.png","width":1920,"height":1018,"caption":"La Clusaz"},"image":{"@id":"https:\/\/www.laclusaz.com\/en\/#\/schema\/logo\/image\/"},"sameAs":["https:\/\/www.facebook.com\/LaClusaz","https:\/\/x.com\/LaClusaz","https:\/\/www.instagram.com\/laclusazskiresort\/","https:\/\/www.youtube.com\/channel\/UC0nXO2GDOebkqOvTCx8gtGA","https:\/\/www.tiktok.com\/@la_clusaz"]}]}},"_links":{"self":[{"href":"https:\/\/www.laclusaz.com\/en\/wp-json\/wp\/v2\/apidae_item\/377204","targetHints":{"allow":["GET"]}}],"collection":[{"href":"https:\/\/www.laclusaz.com\/en\/wp-json\/wp\/v2\/apidae_item"}],"about":[{"href":"https:\/\/www.laclusaz.com\/en\/wp-json\/wp\/v2\/types\/apidae_item"}],"author":[{"embeddable":true,"href":"https:\/\/www.laclusaz.com\/en\/wp-json\/wp\/v2\/users\/1"}],"version-history":[{"count":1,"href":"https:\/\/www.laclusaz.com\/en\/wp-json\/wp\/v2\/apidae_item\/377204\/revisions"}],"predecessor-version":[{"id":377226,"href":"https:\/\/www.laclusaz.com\/en\/wp-json\/wp\/v2\/apidae_item\/377204\/revisions\/377226"}],"wp:featuredmedia":[{"embeddable":true,"href":"https:\/\/www.laclusaz.com\/en\/wp-json\/wp\/v2\/media\/377228"}],"wp:attachment":[{"href":"https:\/\/www.laclusaz.com\/en\/wp-json\/wp\/v2\/media?parent=377204"}],"wp:term":[{"taxonomy":"apidae_category","embeddable":true,"href":"https:\/\/www.laclusaz.com\/en\/wp-json\/wp\/v2\/apidae_category?post=377204"},{"taxonomy":"apidae_selection","embeddable":true,"href":"https:\/\/www.laclusaz.com\/en\/wp-json\/wp\/v2\/apidae_selection?post=377204"}],"curies":[{"name":"wp","href":"https:\/\/api.w.org\/{rel}","templated":true}]}}

<p>Perched at the top of the Crêt du Loup ski lift, the 'Balcon des Aravis' is not just a 200m² panoramic terrace; it's your new HQ for grilling some sausages with a view. With its tables, loungers, and self-service planchas*, this wooden paradise made from local materials welcomes you year-round, because we know you're not the type to shy away from the cold.</p>
<p>The Balcon not only offers you a breathtaking view of the Aravis mountain range and the village below, but it also overlooks a preserved area where Capercaillie birds peacefully nest. In the summer, you'll enjoy an added bonus: a pastoral show with 'Thônes et Marthod' sheep roaming freely.</p>
<p>Want to test your knowledge of the surrounding peaks? Go ahead—it's the perfect playground to challenge yourself. And when you’re done being the tour guide, lie back in a lounger, pull out a coffee from your backpack, and drift into a well-deserved nap under the sun.</p>
<p>Whether it’s for a picnic, an afternoon snack with friends, or just to relax and admire the mountains, the Balcon des Aravis is here to offer you an unforgettable experience. Laid-back, chill, but with an incredible view.</p>
<p>*Planchas are opened according to the days and time tables of the lifts Crêt du Merle and Crêt du Loup</p>

<p>The spot to recharge your batteries at the top of the Crêt du Loup ski lift.</p>

Sommet du télésiège du Crêt du Loup

Loisirs récréatifs
